prime number?
True
Is 31678787 a composite number?
True
Is 25428857 prime?
True
Is 1384183 a prime number?
False
Is 1593373055 composite?
True
Is 18348347 prime?
True
Is 1706437 a composite number?
False
Is 814319071 prime?
False
Is 171693449 a prime number?
True
Is 46980679 prime?
True
Is 190299709 a composite number?
False
Is 40015739 composite?
True
Is 35723213 a prime number?
True
Is 36828959 a composite number?
False
Is 6247543 composite?
False
Is 894637 a prime number?
True
Is 146652199 a composite number?
False
Is 1311703273 a composite number?
False
Is 438841685 a composite number?
True
Is 19013773 a prime number?
True
Is 24810161 prime?
True
Is 885679 a prime number?
True
Is 19528057 composite?
False
Is 680803 composite?
False
Is 1283627 composite?
True
Is 10364609 prime?
True
Is 529471 a prime number?
True
Is 55843013 a prime number?
True
Is 4816417 a prime number?
True
Is 87793769 a composite number?
True
Is 10920251 a composite number?
True
Is 3566789 prime?
True
Is 255521597 composite?
True
Is 28046143 prime?
True
Is 14391029 a prime number?
True
Is 1222795205 a composite number?
True
Is 112461203 prime?
True
Is 367807463 a composite number?
False
Is 31648083 a prime number?
False
Is 2423741 a prime number?
False
Is 54550207 a prime number?
True
Is 1525801 composite?
True
Is 449572153 prime?
False
Is 418201 a prime number?
False
Is 7742377 a prime number?
False
Is 100367749 a composite number?
False
Is 184090237 a composite number?
False
Is 8197069 prime?
True
Is 30734159 a composite number?
True
Is 2354773 prime?
True
Is 2125601 composite?
False
Is 168573077 prime?
True
Is 703162717 prime?
False
Is 2115741 a prime number?
False
Is 243188663 composite?
False
Is 408923 composite?
False
Is 80118103 a composite number?
True
Is 4643095 a prime number?
False
Is 3418255 a prime number?
False
Is 3670613 composite?
True
Is 28682107 a composite number?
False
Is 2502779 prime?
True
Is 2869159 a composite number?
False
Is 746090447 a composite number?
False
Is 852599 a prime number?
False
Is 35150623 prime?
False
Is 1887091 composite?
False
Is 11556679 composite?
True
Is 14514131 a composite number?
False
Is 72257891 prime?
False
Is 170852245 prime?
False
Is 47584847 prime?
False
Is 211299719 prime?
True
Is 1966381 a composite number?
False
Is 91877414 a composite number?
True
Is 9685037 a prime number?
False
Is 1201439 a prime number?
True
Is 2164787 prime?
True
Is 64492829 a prime number?
False
Is 47480299 prime?
False
Is 6846509 prime?
True
Is 6428107 a prime number?
False
Is 227173019 prime?
True
Is 6759889 composite?
True
Is 29469455 prime?
False
Is 5406655 composite?
True
Is 141498139 composite?
True
Is 79777931 composite?
False
Is 40493513 a composite number?
False
Is 1848397 prime?
True
Is 299722697 a composite number?
True
Is 24382229 prime?
True
Is 4456041 composite?
True
Is 47748961 prime?
False
Is 489613 a composite number?
False
Is 2106149 prime?
True
Is 47594243 a composite number?
False
Is 5175935 a composite number?
True
Is 212991965 prime?
False
Is 77199713 prime?
False
Is 4127771 a prime number?
True
Is 32265583 composite?
True
Is 1193939 prime?
True
Is 284827 a composite number?
True
Is 169583 prime?
True
Is 3340483 a prime number?
False
Is 260099894 a composite number?
True
Is 14116303 prime?
False
Is 18674822 a composite number?
True
Is 34872407 a composite number?
True
Is 5505571 a prime number?
False
Is 119345437 a composite number?
True
Is 2807033 a composite number?
True
Is 477108343 prime?
False
Is 2195177 a prime number?
True
Is 61474051 prime?
True
Is 36398665 a composite number?
True
Is 59504479 composite?
False
Is 120962419 a prime number?
True
Is 144526243 prime?
True
Is 341123 prime?
True
Is 900551 prime?
True
Is 1286617 composite?
False
Is 5429029 a prime number?
False
Is 154546503 prime?
False
Is 643507 a composite number?
False
Is 37253743 composite?
False
Is 1340459 a composite number?
False
Is 95093701 a prime number?
True
Is 20102293 prime?
True
Is 18684409 prime?
True
Is 25603481 a prime number?
False
Is 209337577 a prime number?
False
Is 5109466 prime?
False
Is 2321447 prime?
False
Is 3201941 a prime number?
True
Is 112105891 prime?
False
Is 228073 a composite number?
True
Is 27176089 prime?
True
Is 3259199 prime?
True
Is 34706599 a prime number?
True
Is 1551343 prime?
True
Is 261762167 prime?
True
Is 7977313 composite?
True
Is 36253193 prime?
False
Is 215337673 a composite number?
True
Is 43902919 a composite number?
False
Is 17544013 a composite number?
False
Is 52901462 a composite number?
True
Is 3946673 prime?
True
Is 19016237 a composite number?
True
Is 650269 composite?
False
Is 1403023 prime?
False
Is 1105106 a prime number?
False
Is 8420179 a prime number?
False
Is 24106195 composite?
True
Is 2004218 composite?
True
Is 182119517 a composite number?
False
Is 8052007 a prime number?
True
Is 5553721 a composite number?
False
Is 20833 prime?
False
Is 17542615 a prime number?
False
Is 86212981 a prime number?
True
Is 12347645 a composite number?
True
Is 6079622 a prime number?
False
Is 599903 prime?
False
Is 26491 a composite number?
True
Is 51417053 prime?
True
Is 6812339 a prime number?
True
Is 810929123 prime?
True
Is 1642931 a composite number?
True
Is 25992107 a composite number?
False
Is 52438151 a prime number?
True
Is 28186573 prime?
True
Is 1084001 composite?
False
Is 11508979 a composite number?
False
Is 856829 composite?
True
Is 14019009 a composite number?
True
Is 2498087 a prime number?
True
Is 28074073 a prime number?
True
Is 37857263 a composite number?
False
Is 330487 prime?
False
Is 690547985 a prime number?
False
Is 86851711 a prime number?
False
Is 46147873 composite?
False
Is 5429651 a prime number?
True
Is 18288867 composite?
True
Is 669800431 composite?
True
Is 51686351 a prime number?
True
Is 6258997 a composite number?
True
Is 39755127 prime?
False
Is 107729513 a prime number?
True
Is 142877303 a composite number?
False
Is 47600767 a composite number?
False
Is 279913 a composite number?
False
Is 915673 prime?
False
Is 8055541 a prime number?
False
Is 464741 prime?
True
Is 7721005 prime?
False
Is 622267253 a composite number?
False
Is 1558439 composite?
False
Is 10545949 a prime number?
False
Is 55920031 prime?
True
Is 34491311 a composite number?
False
Is 98545241 prime?
True
Is 8047643 composite?
False
Is 3408407 a prime number?
True
Is 5583026 prime?
False
Is 122657 a prime number?
False
Is 722927305 a prime number?
False
Is 36078457 a prime number?
True
Is 4123319 a prime number?
True
Is 110752405 composite?
True
Is 302215 composite?
True
Is 207169639 prime?
False
Is 471869417 prime?
True
Is 46752989 prime?
False
Is 34412453 a prime number?
True
Is 2297249 composite?
False
Is 664834853 prime?
False
Is 24340439 a composite number?
True
Is 579307129 composite?
False
Is 299518873 prime?
False
Is 12836881 a prime number?
False
Is 34657429 a composite number?
False
Is 5245133 a prime number?
True
Is 756324689 composite?
True
Is 78430687 prime?
True
Is 26875049 a composite number?
True
Is 129056143 composite?
False
Is 23844386 prime?
False
Is 413997563 composite?
True
Is 7746313 composite?
True
Is 5715109 a prime number?
False
Is 2835731 composite?
True
Is 335137 prime?
False
Is 24409703 a composite number?
False
Is 38566733 a prime number?
False
Is 765888517 a composite number?
False
Is 576188257 a composite number?
True
Is 22766957 a prime number?
True
Is 3000763 a prime number?
False
Is 36270599 a prime number?
True
Is 23014029 prime?
False
Is 2261221 prime?
False
Is 8973241 a prime number?
True
Is 97645607 a composite number?
True
Is 2634377 a prime number?
True
Is 4315853 composite?
True
Is 2107093 a prime number?
False
Is 589387 prime?
True
Is 23136739 a prime number?
True
Is 4424053 composite?
True
Is 609691 a prime number?
False
Is 48161 composite?
True
Is 2594639 a prime number?
False
Is 11579893 a composite number?
True
Is 54053449 composite?
False
Is 457264501 composite?
False
Is 13275543 prime?
False
Is 71109277 composite?
False
Is 13389583 a composite number?
True
Is 4743694 a composite number?
True
Is 42118807 a prime number?
False
Is 46935158 a prime number?
False
Is 10213237 a composite number?
True
Is 121508069 a composite number?
True
Is 27146363 a compos